[INFO] cloning repository https://github.com/asteroidb612/printer
[INFO] running `Command { std: "git" "-c" "credential.helper=" "-c" "credential.helper=/workspace/cargo-home/bin/git-credential-null" "clone" "--bare" "https://github.com/asteroidb612/printer" "/workspace/cache/git-repos/https%3A%2F%2Fgithub.com%2Fasteroidb612%2Fprinter", kill_on_drop: false }`
[INFO] [stderr] Cloning into bare repository '/workspace/cache/git-repos/https%3A%2F%2Fgithub.com%2Fasteroidb612%2Fprinter'...
[INFO] running `Command { std: "git" "rev-parse" "HEAD", kill_on_drop: false }`
[INFO] [stdout] 78c779cac882989f41dd5742ea951d3d75d16623
[INFO] checking asteroidb612/printer against master#9610dfe5a9a731ced1ea4923ecbd0c57fe367898 for beta-170-4
[INFO] running `Command { std: "git" "clone" "/workspace/cache/git-repos/https%3A%2F%2Fgithub.com%2Fasteroidb612%2Fprinter" "/workspace/builds/worker-5-tc1/source", kill_on_drop: false }`
[INFO] [stderr] Cloning into '/workspace/builds/worker-5-tc1/source'...
[INFO] [stderr] done.
[INFO] validating manifest of git repo https://github.com/asteroidb612/printer on toolchain 9610dfe5a9a731ced1ea4923ecbd0c57fe367898
[INFO] running `Command { std: CARGO_HOME="/workspace/cargo-home" RUSTUP_HOME="/workspace/rustup-home" "/workspace/cargo-home/bin/cargo" "+9610dfe5a9a731ced1ea4923ecbd0c57fe367898" "metadata" "--manifest-path" "Cargo.toml" "--no-deps", kill_on_drop: false }`
[INFO] removed /workspace/builds/worker-5-tc1/source/rust-toolchain
[INFO] started tweaking git repo https://github.com/asteroidb612/printer
[INFO] finished tweaking git repo https://github.com/asteroidb612/printer
[INFO] tweaked toml for git repo https://github.com/asteroidb612/printer written to /workspace/builds/worker-5-tc1/source/Cargo.toml
[INFO] crate git repo https://github.com/asteroidb612/printer already has a lockfile, it will not be regenerated
[INFO] running `Command { std: CARGO_HOME="/workspace/cargo-home" RUSTUP_HOME="/workspace/rustup-home" "/workspace/cargo-home/bin/cargo" "+9610dfe5a9a731ced1ea4923ecbd0c57fe367898" "fetch" "--manifest-path" "Cargo.toml", kill_on_drop: false }`
[INFO] [stderr]     Updating crates.io index
[INFO] [stderr]  Downloading crates ...
[INFO] [stderr]   Downloaded yup-oauth2 v1.0.12
[INFO] [stderr]   Downloaded gag v0.1.10
[INFO] [stderr]   Downloaded cron v0.6.0
[INFO] [stderr]   Downloaded hyper-native-tls v0.3.0
[INFO] [stderr]   Downloaded openssl-sys v0.9.48
[INFO] [stderr]   Downloaded buf_redux v0.6.3
[INFO] [stderr]   Downloaded safemem v0.3.1
[INFO] [stderr]   Downloaded chunked_transfer v0.3.1
[INFO] [stderr]   Downloaded tiny_http v0.6.2
[INFO] [stderr]   Downloaded crossbeam v0.5.0
[INFO] [stderr]   Downloaded job_scheduler v1.0.6
[INFO] [stderr]   Downloaded ascii v0.8.7
[INFO] [stderr]   Downloaded rustls v0.14.0
[INFO] [stderr]   Downloaded reqwest v0.9.8
[INFO] [stderr]   Downloaded gzip-header v0.3.0
[INFO] [stderr]   Downloaded ct-logs v0.4.0
[INFO] [stderr]   Downloaded tokio-rustls v0.8.1
[INFO] [stderr]   Downloaded rouille v2.2.0
[INFO] [stderr]   Downloaded hyper-rustls v0.15.1
[INFO] [stderr]   Downloaded filetime v0.2.6
[INFO] [stderr]   Downloaded mime_guess v1.8.7
[INFO] [stderr]   Downloaded blake2b_simd v0.5.6
[INFO] [stderr]   Downloaded getrandom v0.1.8
[INFO] [stderr]   Downloaded rust-argon2 v0.5.0
[INFO] [stderr]   Downloaded openssl v0.10.24
[INFO] [stderr]   Downloaded google-gmail1 v1.0.5+20170510
[INFO] [stderr]   Downloaded google-calendar3 v1.0.5+20170514
[INFO] running `Command { std: "docker" "create" "-v" "/var/lib/crater-agent-workspace/builds/worker-5-tc1/target:/opt/rustwide/target:rw,Z" "-v" "/var/lib/crater-agent-workspace/builds/worker-5-tc1/source:/opt/rustwide/workdir:ro,Z" "-v" "/var/lib/crater-agent-workspace/cargo-home:/opt/rustwide/cargo-home:ro,Z" "-v" "/var/lib/crater-agent-workspace/rustup-home:/opt/rustwide/rustup-home:ro,Z" "-e" "SOURCE_DIR=/opt/rustwide/workdir" "-e" "CARGO_TARGET_DIR=/opt/rustwide/target" "-e" "CARGO_HOME=/opt/rustwide/cargo-home" "-e" "RUSTUP_HOME=/opt/rustwide/rustup-home" "-w" "/opt/rustwide/workdir" "-m" "1610612736" "--user" "0:0" "--network" "none" "ghcr.io/rust-lang/crates-build-env/linux@sha256:19e73879b68f455e41552ea35293514db52ea292d993f571636dbffedb77a1ee" "/opt/rustwide/cargo-home/bin/cargo" "+9610dfe5a9a731ced1ea4923ecbd0c57fe367898" "metadata" "--no-deps" "--format-version=1", kill_on_drop: false }`
[INFO] [stdout] e378d79d47eb6efe671044b63d968f5778e2d9550d0e63cde1b5f7e9272bc733
[INFO] running `Command { std: "docker" "start" "-a" "e378d79d47eb6efe671044b63d968f5778e2d9550d0e63cde1b5f7e9272bc733", kill_on_drop: false }`
[INFO] running `Command { std: "docker" "inspect" "e378d79d47eb6efe671044b63d968f5778e2d9550d0e63cde1b5f7e9272bc733", kill_on_drop: false }`
[INFO] running `Command { std: "docker" "rm" "-f" "e378d79d47eb6efe671044b63d968f5778e2d9550d0e63cde1b5f7e9272bc733", kill_on_drop: false }`
[INFO] [stdout] e378d79d47eb6efe671044b63d968f5778e2d9550d0e63cde1b5f7e9272bc733
[INFO] running `Command { std: "docker" "create" "-v" "/var/lib/crater-agent-workspace/builds/worker-5-tc1/target:/opt/rustwide/target:rw,Z" "-v" "/var/lib/crater-agent-workspace/builds/worker-5-tc1/source:/opt/rustwide/workdir:ro,Z" "-v" "/var/lib/crater-agent-workspace/cargo-home:/opt/rustwide/cargo-home:ro,Z" "-v" "/var/lib/crater-agent-workspace/rustup-home:/opt/rustwide/rustup-home:ro,Z" "-e" "SOURCE_DIR=/opt/rustwide/workdir" "-e" "CARGO_TARGET_DIR=/opt/rustwide/target" "-e" "CARGO_INCREMENTAL=0" "-e" "RUST_BACKTRACE=full" "-e" "RUSTFLAGS=--cap-lints=forbid" "-e" "RUSTDOCFLAGS=--cap-lints=forbid" "-e" "CARGO_HOME=/opt/rustwide/cargo-home" "-e" "RUSTUP_HOME=/opt/rustwide/rustup-home" "-w" "/opt/rustwide/workdir" "-m" "1610612736" "--user" "0:0" "--network" "none" "ghcr.io/rust-lang/crates-build-env/linux@sha256:19e73879b68f455e41552ea35293514db52ea292d993f571636dbffedb77a1ee" "/opt/rustwide/cargo-home/bin/cargo" "+9610dfe5a9a731ced1ea4923ecbd0c57fe367898" "check" "--frozen" "--all" "--all-targets" "--message-format=json", kill_on_drop: false }`
[INFO] [stdout] d1c10146f748b135ffec783fec231a38f4ecc696d3e7e4b5585062e7899865d7
[INFO] running `Command { std: "docker" "start" "-a" "d1c10146f748b135ffec783fec231a38f4ecc696d3e7e4b5585062e7899865d7", kill_on_drop: false }`
[INFO] [stderr]    Compiling libc v0.2.60
[INFO] [stderr]     Checking cfg-if v0.1.9
[INFO] [stderr]    Compiling autocfg v0.1.5
[INFO] [stderr]    Compiling cc v1.0.38
[INFO] [stderr]     Checking lazy_static v1.3.0
[INFO] [stderr]    Compiling log v0.4.8
[INFO] [stderr]    Compiling byteorder v1.3.2
[INFO] [stderr]    Compiling version_check v0.1.5
[INFO] [stderr]     Checking smallvec v0.6.10
[INFO] [stderr]     Checking either v1.5.2
[INFO] [stderr]     Checking rand_core v0.4.2
[INFO] [stderr]     Checking futures v0.1.28
[INFO] [stderr]     Checking matches v0.1.8
[INFO] [stderr]    Compiling httparse v1.3.4
[INFO] [stderr]    Compiling serde v1.0.98
[INFO] [stderr]    Compiling pkg-config v0.3.15
[INFO] [stderr]     Checking safemem v0.3.1
[INFO] [stderr]     Checking crossbeam-utils v0.6.6
[INFO] [stderr]     Checking itoa v0.4.4
[INFO] [stderr]     Checking unicode-bidi v0.3.4
[INFO] [stderr]     Checking rand_core v0.3.1
[INFO] [stderr]     Checking rand_hc v0.1.0
[INFO] [stderr]     Checking unicode-normalization v0.1.8
[INFO] [stderr]     Checking rand_isaac v0.1.1
[INFO] [stderr]     Checking rand_xorshift v0.1.1
[INFO] [stderr]     Checking rand_jitter v0.1.4
[INFO] [stderr]     Checking fnv v1.0.6
[INFO] [stderr]     Checking untrusted v0.6.2
[INFO] [stderr]    Compiling unicase v1.4.2
[INFO] [stderr]     Checking percent-encoding v1.0.1
[INFO] [stderr]    Compiling rand_chacha v0.1.1
[INFO] [stderr]    Compiling rand_pcg v0.1.2
[INFO] [stderr]    Compiling rand v0.6.5
[INFO] [stderr]    Compiling num-traits v0.2.8
[INFO] [stderr]    Compiling num-integer v0.1.41
[INFO] [stderr]     Checking log v0.3.9
[INFO] [stderr]    Compiling memoffset v0.5.1
[INFO] [stderr]    Compiling parking_lot_core v0.4.0
[INFO] [stderr]     Checking stable_deref_trait v1.1.1
[INFO] [stderr]    Compiling bitflags v1.1.0
[INFO] [stderr]     Checking base64 v0.9.3
[INFO] [stderr]    Compiling arrayvec v0.4.11
[INFO] [stderr]     Checking owning_ref v0.4.0
[INFO] [stderr]     Checking mime v0.2.6
[INFO] [stderr]    Compiling proc-macro2 v0.4.30
[INFO] [stderr]    Compiling openssl v0.10.24
[INFO] [stderr]     Checking nodrop v0.1.13
[INFO] [stderr]     Checking foreign-types-shared v0.1.1
[INFO] [stderr]     Checking scopeguard v0.3.3
[INFO] [stderr]     Checking foreign-types v0.3.2
[INFO] [stderr]     Checking num_cpus v1.10.1
[INFO] [stderr]     Checking iovec v0.1.2
[INFO] [stderr]     Checking time v0.1.42
[INFO] [stderr]     Checking rand_os v0.1.3
[INFO] [stderr]     Checking bytes v0.4.12
[INFO] [stderr]     Checking lock_api v0.1.5
[INFO] [stderr]     Checking net2 v0.2.33
[INFO] [stderr]     Checking idna v0.1.5
[INFO] [stderr]     Checking rand v0.4.6
[INFO] [stderr]    Compiling unicase v2.4.0
[INFO] [stderr]    Compiling openssl-sys v0.9.48
[INFO] [stderr]    Compiling ring v0.13.5
[INFO] [stderr]     Checking tokio-executor v0.1.8
[INFO] [stderr]    Compiling siphasher v0.2.3
[INFO] [stderr]    Compiling unicode-xid v0.1.0
[INFO] [stderr]     Checking tokio-io v0.1.12
[INFO] [stderr]     Checking scopeguard v1.0.0
[INFO] [stderr]    Compiling ryu v1.0.0
[INFO] [stderr]    Compiling native-tls v0.2.3
[INFO] [stderr]     Checking crossbeam-epoch v0.7.2
[INFO] [stderr]    Compiling phf_shared v0.7.24
[INFO] [stderr]     Checking mio v0.6.19
[INFO] [stderr]     Checking url v1.7.2
[INFO] [stderr]     Checking tokio-sync v0.1.6
[INFO] [stderr]    Compiling crc32fast v1.2.0
[INFO] [stderr]     Checking openssl-probe v0.1.2
[INFO] [stderr]    Compiling syn v0.15.44
[INFO] [stderr]     Checking crossbeam-deque v0.7.1
[INFO] [stderr]     Checking rand v0.3.23
[INFO] [stderr]     Checking http v0.1.18
[INFO] [stderr]    Compiling backtrace-sys v0.1.31
[INFO] [stderr]     Checking crossbeam-queue v0.1.2
[INFO] [stderr]     Checking traitobject v0.1.0
[INFO] [stderr]    Compiling quote v0.6.13
[INFO] [stderr]     Checking typeable v0.1.2
[INFO] [stderr]     Checking tokio-threadpool v0.1.15
[INFO] [stderr] The following warnings were emitted during compilation:
[INFO] [stderr] 
[INFO] [stderr] warning: build/expando.c:4:24: error: pasting "RUST_VERSION_OPENSSL_" and "(" does not give a valid preprocessing token
[INFO] [stderr] warning:     4 | #define VERSION2(n, v) RUST_VERSION_##n##_##v
[INFO] [stderr] warning:       |                        ^~~~~~~~~~~~~
[INFO] [stderr] warning: build/expando.c:5:23: note: in expansion of macro 'VERSION2'
[INFO] [stderr] warning:     5 | #define VERSION(n, v) VERSION2(n, v)
[INFO] [stderr] warning:       |                       ^~~~~~~~
[INFO] [stderr] warning: build/expando.c:10:1: note: in expansion of macro 'VERSION'
[INFO] [stderr] warning:    10 | VERSION(OPENSSL, OPENSSL_VERSION_NUMBER)
[INFO] [stderr] warning:       | ^~~~~~~
[INFO] [stderr] 
[INFO] [stderr] error: failed to run custom build command for `openssl-sys v0.9.48`
[INFO] [stderr] note: To improve backtraces for build dependencies, set the CARGO_PROFILE_DEV_BUILD_OVERRIDE_DEBUG=true environment variable to enable debug information generation.
[INFO] [stderr] 
[INFO] [stderr] Caused by:
[INFO] [stderr]   process didn't exit successfully: `/opt/rustwide/target/debug/build/openssl-sys-8e2161202e65b8ca/build-script-main` (exit status: 101)
[INFO] [stderr]   --- stdout
[INFO] [stderr]   cargo:rustc-cfg=const_fn
[INFO] [stderr]   cargo:rerun-if-env-changed=X86_64_UNKNOWN_LINUX_GNU_OPENSSL_LIB_DIR
[INFO] [stderr]   X86_64_UNKNOWN_LINUX_GNU_OPENSSL_LIB_DIR unset
[INFO] [stderr]   cargo:rerun-if-env-changed=OPENSSL_LIB_DIR
[INFO] [stderr]   OPENSSL_LIB_DIR unset
[INFO] [stderr]   cargo:rerun-if-env-changed=X86_64_UNKNOWN_LINUX_GNU_OPENSSL_INCLUDE_DIR
[INFO] [stderr]   X86_64_UNKNOWN_LINUX_GNU_OPENSSL_INCLUDE_DIR unset
[INFO] [stderr]   cargo:rerun-if-env-changed=OPENSSL_INCLUDE_DIR
[INFO] [stderr]   OPENSSL_INCLUDE_DIR unset
[INFO] [stderr]   cargo:rerun-if-env-changed=X86_64_UNKNOWN_LINUX_GNU_OPENSSL_DIR
[INFO] [stderr]   X86_64_UNKNOWN_LINUX_GNU_OPENSSL_DIR unset
[INFO] [stderr]   cargo:rerun-if-env-changed=OPENSSL_DIR
[INFO] [stderr]   OPENSSL_DIR unset
[INFO] [stderr]   cargo:rustc-link-lib=ssl
[INFO] [stderr]   cargo:rustc-link-lib=crypto
[INFO] [stderr]   OPT_LEVEL = Some("0")
[INFO] [stderr]   TARGET = Some("x86_64-unknown-linux-gnu")
[INFO] [stderr]   HOST = Some("x86_64-unknown-linux-gnu")
[INFO] [stderr]   CC_x86_64-unknown-linux-gnu = None
[INFO] [stderr]   CC_x86_64_unknown_linux_gnu = None
[INFO] [stderr]   HOST_CC = None
[INFO] [stderr]   CC = None
[INFO] [stderr]   CFLAGS_x86_64-unknown-linux-gnu = None
[INFO] [stderr]   CFLAGS_x86_64_unknown_linux_gnu = None
[INFO] [stderr]   HOST_CFLAGS = None
[INFO] [stderr]   CFLAGS = None
[INFO] [stderr]   CRATE_CC_NO_DEFAULTS = None
[INFO] [stderr]   DEBUG = Some("true")
[INFO] [stderr]   CARGO_CFG_TARGET_FEATURE = Some("fxsr,sse,sse2")
[INFO] [stderr]   running: "cc" "-O0" "-ffunction-sections" "-fdata-sections" "-fPIC" "-g" "-fno-omit-frame-pointer" "-m64" "-Wall" "-Wextra" "-E" "build/expando.c"
[INFO] [stderr]   cargo:warning=build/expando.c:4:24: error: pasting "RUST_VERSION_OPENSSL_" and "(" does not give a valid preprocessing token
[INFO] [stderr]   cargo:warning=    4 | #define VERSION2(n, v) RUST_VERSION_##n##_##v
[INFO] [stderr]   cargo:warning=      |                        ^~~~~~~~~~~~~
[INFO] [stderr]   cargo:warning=build/expando.c:5:23: note: in expansion of macro 'VERSION2'
[INFO] [stderr]   cargo:warning=    5 | #define VERSION(n, v) VERSION2(n, v)
[INFO] [stderr]   cargo:warning=      |                       ^~~~~~~~
[INFO] [stderr]   cargo:warning=build/expando.c:10:1: note: in expansion of macro 'VERSION'
[INFO] [stderr]   cargo:warning=   10 | VERSION(OPENSSL, OPENSSL_VERSION_NUMBER)
[INFO] [stderr]   cargo:warning=      | ^~~~~~~
[INFO] [stderr]   exit status: 1
[INFO] [stderr] 
[INFO] [stderr]   --- stderr
[INFO] [stderr]   thread 'main' panicked at '
[INFO] [stderr]   Header expansion error:
[INFO] [stderr]   Error { kind: ToolExecError, message: "Command \"cc\" \"-O0\" \"-ffunction-sections\" \"-fdata-sections\" \"-fPIC\" \"-g\" \"-fno-omit-frame-pointer\" \"-m64\" \"-Wall\" \"-Wextra\" \"-E\" \"build/expando.c\" with args \"cc\" did not execute successfully (status code exit status: 1)." }
[INFO] [stderr] 
[INFO] [stderr]   Failed to find OpenSSL development headers.
[INFO] [stderr] 
[INFO] [stderr]   You can try fixing this setting the `OPENSSL_DIR` environment variable
[INFO] [stderr]   pointing to your OpenSSL installation or installing OpenSSL headers package
[INFO] [stderr]   specific to your distribution:
[INFO] [stderr] 
[INFO] [stderr]       # On Ubuntu
[INFO] [stderr]       sudo apt-get install libssl-dev
[INFO] [stderr]       # On Arch Linux
[INFO] [stderr]       sudo pacman -S openssl
[INFO] [stderr]       # On Fedora
[INFO] [stderr]       sudo dnf install openssl-devel
[INFO] [stderr] 
[INFO] [stderr]   See rust-openssl README for more information:
[INFO] [stderr] 
[INFO] [stderr]       https://github.com/sfackler/rust-openssl#linux
[INFO] [stderr]   ', /opt/rustwide/cargo-home/registry/src/index.crates.io-6f17d22bba15001f/openssl-sys-0.9.48/build/main.rs:126:13
[INFO] [stderr]   stack backtrace:
[INFO] [stderr]      0:     0x55f284823cd1 - std::backtrace_rs::backtrace::libunwind::trace::h036e87df56fc4b9d
[INFO] [stderr]                                  at /rustc/9610dfe5a9a731ced1ea4923ecbd0c57fe367898/library/std/src/../../backtrace/src/backtrace/libunwind.rs:93:5
[INFO] [stderr]      1:     0x55f284823cd1 - std::backtrace_rs::backtrace::trace_unsynchronized::hd61eb2dbd6ae476a
[INFO] [stderr]                                  at /rustc/9610dfe5a9a731ced1ea4923ecbd0c57fe367898/library/std/src/../../backtrace/src/backtrace/mod.rs:66:5
[INFO] [stderr]      2:     0x55f284823cd1 - std::sys_common::backtrace::_print_fmt::h00c50d0875db23c9
[INFO] [stderr]                                  at /rustc/9610dfe5a9a731ced1ea4923ecbd0c57fe367898/library/std/src/sys_common/backtrace.rs:65:5
[INFO] [stderr]      3:     0x55f284823cd1 - <std::sys_common::backtrace::_print::DisplayBacktrace as core::fmt::Display>::fmt::h63195ab2dde77ccc
[INFO] [stderr]                                  at /rustc/9610dfe5a9a731ced1ea4923ecbd0c57fe367898/library/std/src/sys_common/backtrace.rs:44:22
[INFO] [stderr]      4:     0x55f284845bef - core::fmt::rt::Argument::fmt::h83f4110348c688f4
[INFO] [stderr]                                  at /rustc/9610dfe5a9a731ced1ea4923ecbd0c57fe367898/library/core/src/fmt/rt.rs:138:9
[INFO] [stderr]      5:     0x55f284845bef - core::fmt::write::h509367dd365f983a
[INFO] [stderr]                                  at /rustc/9610dfe5a9a731ced1ea4923ecbd0c57fe367898/library/core/src/fmt/mod.rs:1094:21
[INFO] [stderr]      6:     0x55f2848213b1 - std::io::Write::write_fmt::h8e60bfebdaabfee5
[INFO] [stderr]                                  at /rustc/9610dfe5a9a731ced1ea4923ecbd0c57fe367898/library/std/src/io/mod.rs:1713:15
[INFO] [stderr]      7:     0x55f284823ae5 - std::sys_common::backtrace::_print::h96e550016098cde6
[INFO] [stderr]                                  at /rustc/9610dfe5a9a731ced1ea4923ecbd0c57fe367898/library/std/src/sys_common/backtrace.rs:47:5
[INFO] [stderr]      8:     0x55f284823ae5 - std::sys_common::backtrace::print::h7a049611b153a02e
[INFO] [stderr]                                  at /rustc/9610dfe5a9a731ced1ea4923ecbd0c57fe367898/library/std/src/sys_common/backtrace.rs:34:9
[INFO] [stderr]      9:     0x55f2848251b7 - std::panicking::default_hook::{{closure}}::h1b023d46676794c4
[INFO] [stderr]     10:     0x55f284824fa4 - std::panicking::default_hook::hea2961dabcf68e83
[INFO] [stderr]                                  at /rustc/9610dfe5a9a731ced1ea4923ecbd0c57fe367898/library/std/src/panicking.rs:288:9
[INFO] [stderr]     11:     0x55f28482566c - std::panicking::rust_panic_with_hook::h4285c91a8168b001
[INFO] [stderr]                                  at /rustc/9610dfe5a9a731ced1ea4923ecbd0c57fe367898/library/std/src/panicking.rs:705:13
[INFO] [stderr]     12:     0x55f284825567 - std::panicking::begin_panic_handler::{{closure}}::h6ebd0d46f0c6b010
[INFO] [stderr]                                  at /rustc/9610dfe5a9a731ced1ea4923ecbd0c57fe367898/library/std/src/panicking.rs:597:13
[INFO] [stderr]     13:     0x55f284824106 - std::sys_common::backtrace::__rust_end_short_backtrace::h92042d128576b63a
[INFO] [stderr]                                  at /rustc/9610dfe5a9a731ced1ea4923ecbd0c57fe367898/library/std/src/sys_common/backtrace.rs:151:18
[INFO] [stderr]     14:     0x55f2848252b2 - rust_begin_unwind
[INFO] [stderr]                                  at /rustc/9610dfe5a9a731ced1ea4923ecbd0c57fe367898/library/std/src/panicking.rs:593:5
[INFO] [stderr]     15:     0x55f28479c693 - core::panicking::panic_fmt::h65404fc8061ee73a
[INFO] [stderr]                                  at /rustc/9610dfe5a9a731ced1ea4923ecbd0c57fe367898/library/core/src/panicking.rs:67:14
[INFO] [stderr]     16:     0x55f2847a0b7a - build_script_main::validate_headers::had916253d605023c
[INFO] [stderr]     17:     0x55f2847a703d - build_script_main::find::try_pkg_config::h35c97f3e2e5b5399
[INFO] [stderr]     18:     0x55f2847a5eca - build_script_main::find::find_openssl_dir::hfd4ac46f98447d37
[INFO] [stderr]     19:     0x55f2847a5d12 - build_script_main::find::get_openssl::{{closure}}::h60f17c3820f5c63b
[INFO] [stderr]     20:     0x55f2847a8aa9 - core::option::Option<T>::unwrap_or_else::hc1c78b629d732012
[INFO] [stderr]     21:     0x55f2847a5b01 - build_script_main::find::get_openssl::he246253d7a7a7246
[INFO] [stderr]     22:     0x55f28479e805 - build_script_main::main::h67bb2b41138b0f7f
[INFO] [stderr]     23:     0x55f2847a3503 - core::ops::function::FnOnce::call_once::h603980b31da46af2
[INFO] [stderr]     24:     0x55f2847a76f6 - std::sys_common::backtrace::__rust_begin_short_backtrace::h2c10d141fc3bb485
[INFO] [stderr]     25:     0x55f2847a2d69 - std::rt::lang_start::{{closure}}::h8eb25498ce93e844
[INFO] [stderr]     26:     0x55f28481d745 - core::ops::function::impls::<impl core::ops::function::FnOnce<A> for &F>::call_once::h49ef85a8a8d45198
[INFO] [stderr]                                  at /rustc/9610dfe5a9a731ced1ea4923ecbd0c57fe367898/library/core/src/ops/function.rs:284:13
[INFO] [stderr]     27:     0x55f28481d745 - std::panicking::try::do_call::ha1def14af693a135
[INFO] [stderr]                                  at /rustc/9610dfe5a9a731ced1ea4923ecbd0c57fe367898/library/std/src/panicking.rs:500:40
[INFO] [stderr]     28:     0x55f28481d745 - std::panicking::try::haa3dc2a1139932e2
[INFO] [stderr]                                  at /rustc/9610dfe5a9a731ced1ea4923ecbd0c57fe367898/library/std/src/panicking.rs:464:19
[INFO] [stderr]     29:     0x55f28481d745 - std::panic::catch_unwind::h9d9cbebaf9f15c67
[INFO] [stderr]                                  at /rustc/9610dfe5a9a731ced1ea4923ecbd0c57fe367898/library/std/src/panic.rs:142:14
[INFO] [stderr]     30:     0x55f28481d745 - std::rt::lang_start_internal::{{closure}}::hf660a772669a69cc
[INFO] [stderr]                                  at /rustc/9610dfe5a9a731ced1ea4923ecbd0c57fe367898/library/std/src/rt.rs:148:48
[INFO] [stderr]     31:     0x55f28481d745 - std::panicking::try::do_call::hb1c34715bb9b1c46
[INFO] [stderr]                                  at /rustc/9610dfe5a9a731ced1ea4923ecbd0c57fe367898/library/std/src/panicking.rs:500:40
[INFO] [stderr]     32:     0x55f28481d745 - std::panicking::try::h499866fd990da8f1
[INFO] [stderr]                                  at /rustc/9610dfe5a9a731ced1ea4923ecbd0c57fe367898/library/std/src/panicking.rs:464:19
[INFO] [stderr]     33:     0x55f28481d745 - std::panic::catch_unwind::hac1ffec55b72e7bc
[INFO] [stderr]                                  at /rustc/9610dfe5a9a731ced1ea4923ecbd0c57fe367898/library/std/src/panic.rs:142:14
[INFO] [stderr]     34:     0x55f28481d745 - std::rt::lang_start_internal::h0fecf91cd579e7b6
[INFO] [stderr]                                  at /rustc/9610dfe5a9a731ced1ea4923ecbd0c57fe367898/library/std/src/rt.rs:148:20
[INFO] [stderr]     35:     0x55f2847a2d47 - std::rt::lang_start::h5190d424b47eb33e
[INFO] [stderr]     36:     0x55f2847a1895 - main
[INFO] [stderr]     37:     0x7f71b1bdfd90 - <unknown>
[INFO] [stderr]     38:     0x7f71b1bdfe40 - __libc_start_main
[INFO] [stderr]     39:     0x55f28479ce25 - _start
[INFO] [stderr]     40:                0x0 - <unknown>
[INFO] [stderr] warning: build failed, waiting for other jobs to finish...
[INFO] running `Command { std: "docker" "inspect" "d1c10146f748b135ffec783fec231a38f4ecc696d3e7e4b5585062e7899865d7", kill_on_drop: false }`
[INFO] running `Command { std: "docker" "rm" "-f" "d1c10146f748b135ffec783fec231a38f4ecc696d3e7e4b5585062e7899865d7", kill_on_drop: false }`
[INFO] [stdout] d1c10146f748b135ffec783fec231a38f4ecc696d3e7e4b5585062e7899865d7
